*3/2 + i**2 + 3*i. List the prime factors of f(7).
2, 101
Suppose 22*d - 19*d = 15. Suppose 5*g - 4*z - 325 = -9*z, -d*z - 215 = -4*g. What are the prime factors of g?
2, 3, 5
Let z(k) = -34*k + 17. What are the prime factors of z(-16)?
3, 11, 17
Let u(x) be the first derivative of x**4/6 - x**3/2 - 13*x**2/2 - 11*x + 12. Let i(d) be the first derivative of u(d). List the prime factors of i(7).
2
Suppose -223 = -13*b - 574. Let o = b + 40. List the prime factors of o.
13
Suppose 3*c - 3*x = -5 - 10, -2*c + 25 = 5*x. Suppose c = 4*w - 3*n + 2*n - 668, 5*n + 668 = 4*w. List the prime factors of w.
167
Suppose 2*l = -2*u + 6*u + 20, 5*u + 3 = -3*l. Suppose 246 = l*x - 506. List the prime factors of x.
2, 47
Suppose 2*k - y = 6*k - 204, k - 51 = -y. Suppose -2*x + k = 21. What are the prime factors of x?
3, 5
Suppose -2*q + 6 = 2*s, s = -2*q - 3*s - 2. Let j(b) = b**3 - 5*b**2 + b - 2. What are the prime factors of j(q)?
103
Let u be (-3)/2*(-50)/(-3). List the prime factors of -5*(1160/u + -2).
2, 11
Suppose 858 = -5*w + 6*w - 4*a, -2*a = -3*w + 2574. List the prime factors of -3*(20/70 - w/14).
3, 61
List the prime factors of ((-3)/(-4))/((-57)/(-57532)).
757
Suppose -2*z - 4 = v - 5, z + 1 = 0. Suppose -v*y + 204 + 27 = 0. What are the prime factors of y?
7, 11
Let i = 67 + -20. What are the prime factors of i?
47
Suppose 0*u + 10 = u. Suppose 2*b + t - 2*t - 4 = 0, 5*b = 5*t + u. Suppose 0 = -b*i + 20 + 20. List the prime factors of i.
2, 5
Let b(n) = n + 10. Let w(o) = -5. Let z(a) = -6*b(a) - 10*w(a). Let f be (-1 - 6) + 2/2. What are the prime factors of z(f)?
2, 13
Suppose 9455 = 30*q - 9985. What are the prime factors of q?
2, 3
Let w(m) = 3 - 5*m**2 - 4*m + m**2 - m**3 - 2*m**2. Let f(p) = 2*p**3 + 19*p**2 + 15*p + 48. Let r be f(-9). List the prime factors of w(r).
3
Let v(h) = h**2 + 5*h - 6. List the prime factors of v(14).
2, 5, 13
Suppose 9*a - 4*a + 5 = 0. Let m = 20 + a. What are the prime factors of m?
19
Suppose 0 = -v + 2*q + 1 + 1, -4*v + 13 = -3*q. Let j be (20/15)/(2/3). Suppose v*l - 2*l + 2*g - 60 = 0, -j*g = -8. List the prime factors of l.
2, 13
Let m(l) = -1. Let b(c) = -110*c + 5. Let i(y) = b(y) + 4*m(y). Let p be i(5). List the prime factors of (p/(-36))/((-3)/(-12)).
61
Suppose z + 4*d - 13 = 0, -5*z + 5 = -4*d - 12. Let q = 18 + z. Suppose 4*h - 113 = -i, h - 4*i - i = q. List the prime factors of h.
2, 7
Let g = 2018 - 58. List the prime factors of g.
2, 5, 7
Let j = 26 + -24. Suppose j*m + 4*s - s - 95 = 0, 5*s = -3*m + 142. List the prime factors of m.
7
Let y(x) = -x**3 - x**2 + 2*x + 416. Let s be y(0). Suppose -4*w = -8*w + s. What are the prime factors of w?
2, 13
Suppose -2*p - 4*l + 17 + 11 = 0, 0 = -3*l - 9. Suppose r = -4*r + p. Suppose -r*z = b - 87, 2*b - 8 = 4*z - 110. What are the prime factors of z?
23
Suppose 3*w - s - 2 = 4, -5*w - 4*s - 7 = 0. Let o = w - -2. Suppose -p + 14 - o = 0. What are the prime factors of p?
11
Let r = -215 - -373. List the prime factors of r.
2, 79
Suppose -2*g + 5 = 7. Let v = 5 + g. Suppose 0*u - 15 = -n + 2*u, -55 = -3*n - v*u. List the prime factors of n.
17
Let a = 897 + 398. What are the prime factors of a?
5, 7, 37
Let j be (-10)/5 + 2*-1. Let l = j - -6. Suppose 0 = -r - l*s + 28, -4*r + 10 = -5*s - 50. List the prime factors of r.
2, 5
Let r = 66 - 25. Let g = 128 - r. List the prime factors of g.
3, 29
Suppose -4*i + 5*v = -701, 4*i - 3*v - 525 = i. List the prime factors of i.
2, 3, 29
Let a = -1615 + 3472. List the prime factors of a.
3, 619
Let j(f) = -f**3 - 2*f. Let l be j(0). Suppose 5*w - 1002 = i, 2*i + 4 = -l. List the prime factors of w.
2, 5
Let a(d) = 870*d**3 - 5*d**2 + 12*d - 6. What are the prime factors of a(1)?
13, 67
Suppose 0*d - 5*d = 5. Let c be (-38)/(-8) + d/(-4). Suppose -2*s + c*s = 84. List the prime factors of s.
2, 7
Let c be 1*4/(-8)*-16. Let t(i) = -c*i - 4*i + 1 + 2 - 2. List the prime factors of t(-1).
13
Let p(z) = -2*z - 4. Let y be p(4). List the prime factors of 80 - 4/y*-3.
79
Suppose -2*j + 14 = 2*w, 3*j - 6 - 3 = 3*w. Suppose -3*d + j*q = -39, 3*d + 0*q - 39 = 2*q. List the prime factors of d.
13
Let q(d) = -127*d + 1814. What are the prime factors of q(0)?
2, 907
Let t(j) = j**2 + 2*j + 10. Let d be t(5). Suppose 0 = -u + 31 + d. List the prime factors of u.
2, 19
List the prime factors of (-207 - 2)/(-4 - -3).
11, 19
Suppose 27*g - 55*g = -105196. List the prime factors of g.
13, 17
Let j = 119 - 117. What are the prime factors of 72 + 1 - -1*j/1?
3, 5
Suppose -12*g = -502 + 46. What are the prime factors of g?
2, 19
Suppose 8 = -7*k - 83. What are the prime factors of (-22)/143 + (-210)/k?
2
Let u be -4 + 1 + -8 + 1. What are the prime factors of (8/u)/((-8)/540)?
2, 3
Suppose 0 = i - 33 - 68. Let d = -67 + i. What are the prime factors of d?
2, 17
Suppose 4*a - 3568 = -2*n, 5*n + 2*a = 4280 + 4680. List the prime factors of n.
2, 3, 13, 23
Let d(q) = 9*q + 44. List the prime factors of d(48).
2, 7, 17
Let p(m) = 6*m - 4*m + 0*m**2 + 9*m**3 + m**2 + 5 - 7. What are the prime factors of p(2)?
2, 3, 13
Suppose 34*b - 29*b = 545. What are the prime factors of b?
109
What are the prime factors of 1524/10 - (10 - 144/15)?
2, 19
Suppose 2*f + 3*s + 13 = -0*s, -2*f - 4*s = 16. Let t be (-4 - f)/2 + -2. What are the prime factors of 6 - (0 + -3)/t?
5
Let z = 19 - 23. Let g be (z - -7) + (-68)/(-4). Let r = 25 - g. List the prime factors of r.
5
Suppose -12*b + 189 = -9*b. Suppose 5*q - b = 2*q. What are the prime factors of q?
3, 7
Suppose -4*z = -5*h + 304, 5 = z - 6*z. Suppose -5*t = -0*t - h. Suppose -i = -5*i + t. What are the prime factors of i?
3
Let i = -60 - -62. What are the prime factors of (-92)/(i/9*-3)?
2, 3, 23
List the prime factors of (2*334/4)/((-109)/(-436)).
2, 167
Let f(u) = 53*u**2 + 5*u + 6. What are the prime factors of f(-3)?
2, 3, 13
Let v be (-43 + 39)*11/4. Let z(m) = -9. Let d(x) = -x - 27. Let g(s) = 4*d(s) - 11*z(s). List the prime factors of g(v).
5, 7
Let u(p) = -p**2. Let v(i) = -i**3 - i**2 + 3*i - 2. Let n(j) = u(j) + v(j). Let s be n(-3). List the prime factors of (-4)/s - (8 - 12).
2, 3
Suppose -5 = 2*z - 23. Suppose i = -7 + z. Suppose -70 = -4*y + i*y - h, 3*y + 3*h = 102. List the prime factors of y.
2, 3
Let g be (1 + -4)*(-1 + 0). Suppose 0 = 4*v - g*v - 113. What are the prime factors of v?
113
Suppose 14*z = 15*z - 91. Let k = z - -27. What are the prime factors of k?
2, 59
Suppose -11*f = -2*f - 1782. Suppose 300 = 4*b + x + 4*x, 0 = 3*b - 3*x - f. What are the prime factors of b?
2, 5, 7
What are the prime factors of -12 + 5230 + 7 - 2?
3, 1741
Let z be (7/(-3))/(8/(-24)). Let i be 1/z + (-1)/7. Suppose i*y - 28 = -2*y. List the prime factors of y.
2, 7
Suppose 5*a - 27 = -7. Suppose a*c = 6*c - 14. List the prime factors of 305/c - (-56)/(-98).
43
Let w(p) = -18*p**3 + 4*p + 5. Let y be w(-2). Suppose -4*n = -n - y. List the prime factors of n.
47
Let o be 0/(1 + 3 - 5). Let n be o - (0 + -3 + 1). Suppose -3*r - 161 = -4*l, 4*l = 2*l + n*r + 78. What are the prime factors of l?
2, 11
Let z be (-8 + 49)/(2 - 1). Suppose z*b - 222 = 39*b. What are the prime factors of b?
3, 37
Let a = 13 + -11. Suppose 118 + 32 = a*r. Let l = r - 45. What are the prime factors of l?
2, 3, 5
Suppose 0 = -3*y + 197 + 232. Suppose -3*w = -y + 11. Suppose 2*v - w = -o, -4*v - 22 = o - 110. List the prime factors of v.
2, 11
Suppose 4*s = 20, 5*s + 638 = 2*p - 181. What are the prime factors of p?
2, 211
Let t(l) = l**3 + 3*l**2 - 5*l - 4. Let i be t(-4). What are the prime factors of 2 - i - (-56 + 15)?
43
Suppose 0 = -5*x - 4*i + 6, -3*i - 1 = 2*x - x. Suppose x*p - 45 = -3*c - p, c + 2*p - 13 = 0. List the prime factors of c.
17
Suppose 2*o = -4*f, f + 3*o = -o - 14. Let j(l) = 56*l - 1. Let h be j(2). Suppose g - h = -f*g. List the prime factors of g.
37
What are the prime factors of ((-7359)/(-22))/(12/144)?
2, 3, 223
Let r(k) = 961*k - 64. What are the prime factors of r(1)?
3, 13, 23
Let r(i) = 44*i - 50. Suppose 3 + 1 = 2*d, 3*d = n. What are the prime factors of r(n)?
2, 107
Suppose -9*x + 7864 = -668. What are the prime factors of x?
2, 3, 79
Let a(i) = -i**2 - 19*i + 19. Suppose -4*r - 12 + 0 = 0, -65 = 4*b - r. Let u be a(b). Suppose -2*l + u = q, q = 4*q - l - 145. List the prime factors